e
Is 1216 a multiple of 8?
True
Does 4 divide 658?
False
Does 16 divide 5769?
False
Does 27 divide 3942?
True
Is 14 a factor of 3416?
True
Does 12 divide 2544?
True
Is 2 a factor of 132?
True
Is 400 a multiple of 9?
False
Is 4600 a multiple of 5?
True
Is 20 a factor of 24788?
False
Is 1768 a multiple of 8?
True
Is 17 a factor of 3322?
False
Does 15 divide 19965?
True
Is 3534 a multiple of 31?
True
Is 1817 a multiple of 5?
False
Is 2091 a multiple of 39?
False
Does 4 divide 870?
False
Is 19 a factor of 2207?
False
Does 96 divide 4992?
True
Is 267 a multiple of 50?
False
Is 726 a multiple of 3?
True
Does 43 divide 1655?
False
Is 11862 a multiple of 109?
False
Does 11 divide 90524?
False
Is 63 a factor of 524?
False
Is 231 a multiple of 77?
True
Is 638 a multiple of 17?
False
Is 1976 a multiple of 49?
False
Is 3079 a multiple of 22?
False
Is 20 a factor of 20?
True
Is 5 a factor of 1526?
False
Is 7128 a multiple of 33?
True
Does 23 divide 446?
False
Is 353 a multiple of 10?
False
Is 103 a factor of 1016?
False
Is 6 a factor of 7123?
False
Is 32831 a multiple of 174?
False
Is 60 a multiple of 12?
True
Does 21 divide 52332?
True
Is 5166 a multiple of 21?
True
Does 11 divide 34276?
True
Does 33 divide 2961?
False
Is 2422 a multiple of 7?
True
Is 27 a factor of 77652?
True
Does 23 divide 246?
False
Is 11943 a multiple of 75?
False
Is 157 a factor of 50947?
False
Is 6 a factor of 10842?
True
Does 22 divide 282?
False
Is 3514 a multiple of 54?
False
Does 19 divide 3819?
True
Is 15 a multiple of 9?
False
Is 1248 a multiple of 52?
True
Is 13 a factor of 2079?
False
Does 15 divide 11190?
True
Is 19 a factor of 300?
False
Is 8128 a multiple of 30?
False
Is 2306 a multiple of 17?
False
Does 63 divide 441?
True
Does 75 divide 15600?
True
Does 17 divide 6851?
True
Is 948 a multiple of 79?
True
Is 6412 a multiple of 16?
False
Is 6 a factor of 42?
True
Is 12 a factor of 610?
False
Does 10 divide 860?
True
Is 15 a factor of 1055?
False
Does 112 divide 3472?
True
Is 29520 a multiple of 18?
True
Is 19 a factor of 1463?
True
Is 11468 a multiple of 77?
False
Is 9 a factor of 1954?
False
Does 7 divide 741?
False
Is 10 a factor of 1543?
False
Does 10 divide 4840?
True
Does 92 divide 575?
False
Is 126 a multiple of 6?
True
Is 9010 a multiple of 106?
True
Is 150 a factor of 14223?
False
Is 62 a factor of 2200?
False
Is 2437 a multiple of 11?
False
Is 6132 a multiple of 47?
False
Is 8 a factor of 9384?
True
Is 270 a multiple of 30?
True
Is 11 a factor of 65380?
False
Does 12 divide 4064?
False
Does 12 divide 564?
True
Does 32 divide 256?
True
Is 8 a factor of 266?
False
Does 77 divide 3183?
False
Is 32 a factor of 31904?
True
Does 61 divide 9821?
True
Is 17940 a multiple of 69?
True
Does 16 divide 1568?
True
Is 3168 a multiple of 3?
True
Does 8 divide 15976?
True
Is 34 a factor of 6375?
False
Is 1825 a multiple of 3?
False
Is 533 a multiple of 41?
True
Is 45 a multiple of 6?
False
Does 28 divide 1114?
False
Is 24 a factor of 3768?
True
Is 570 a multiple of 12?
False
Does 23 divide 1725?
True
Does 28 divide 1400?
True
Is 64 a factor of 3057?
False
Is 11 a factor of 7256?
False
Does 25 divide 1408?
False
Is 9 a factor of 5310?
True
Does 128 divide 11776?
True
Is 47 a factor of 611?
True
Is 2 a factor of 127?
False
Is 12 a factor of 4728?
True
Does 44 divide 1161?
False
Is 25 a multiple of 25?
True
Is 10 a factor of 13019?
False
Is 1690 a multiple of 5?
True
Does 26 divide 2106?
True
Is 15 a factor of 155?
False
Is 2320 a multiple of 10?
True
Does 35 divide 11468?
False
Does 15 divide 3404?
False
Does 23 divide 5925?
False
Is 3800 a multiple of 10?
True
Is 30 a factor of 5190?
True
Is 1815 a multiple of 55?
True
Is 76 a factor of 46664?
True
Is 350 a multiple of 14?
True
Is 57025 a multiple of 185?
False
Is 2516 a multiple of 74?
True
Is 13 a factor of 80821?
True
Does 7 divide 112?
True
Is 87 even?
False
Is 7 a factor of 1407?
True
Is 2 a factor of 12?
True
Is 34 a factor of 7403?
False
Is 10 a factor of 15058?
False
Is 2058 a multiple of 21?
True
Is 47 a factor of 423?
True
Is 64 a factor of 7590?
False
Is 17 a factor of 21680?
False
Is 413 a factor of 74340?
True
Is 21 a factor of 3086?
False
Is 14 a factor of 34611?
False
Is 748 a multiple of 34?
True
Is 31 a factor of 8656?
False
Does 9 divide 13071?
False
Is 2865 a multiple of 69?
False
Does 23 divide 4117?
True
Is 53047 a multiple of 27?
False
Is 17312 a multiple of 57?
False
Does 9 divide 26676?
True
Is 45 a factor of 20880?
True
Is 110 a factor of 5510?
False
Does 19 divide 2527?
True
Is 55 a factor of 2145?
True
Does 22 divide 16258?
True
Is 122 a multiple of 12?
False
Does 16 divide 8315?
False
Does 28 divide 3220?
True
Does 31 divide 3283?
False
Is 7 a factor of 1794?
False
Is 6 a factor of 1070?
False
Does 19 divide 261?
False
Is 4092 a multiple of 12?
True
Is 213 a multiple of 3?
True
Is 13 a factor of 2080?
True
Does 114 divide 2566?
False
Is 3 a factor of 186?
True
Is 9302 a multiple of 62?
False
Is 705 a multiple of 14?
False
Is 18 a factor of 3960?
True
Is 10 a factor of 52018?
False
Is 11 a factor of 165?
True
Is 6 a factor of 1236?
True
Is 5886 a multiple of 34?
False
Is 662 a multiple of 52?
False
Is 2 a factor of 42?
True
Is 15 a factor of 20022?
False
Is 647 a multiple of 3?
False
Does 190 divide 40514?
False
Is 31999 a multiple of 198?
False
Is 2794 a multiple of 22?
True
Is 15 a factor of 435?
True
Is 10 a factor of 410?
True
Does 4 divide 5590?
False
Is 12 a factor of 4654?
False
Does 72 divide 23005?
False
Is 37 a factor of 1221?
True
Is 27 a multiple of 5?
False
Is 11 a factor of 448?
False
Does 375 divide 84562?
False
Is 6 a factor of 618?
True
Is 4 a factor of 472?
True
Is 2009 a multiple of 7?
True
Is 1275 a multiple of 15?
True
Is 4301 a multiple of 11?
True
Is 54648 a multiple of 396?
True
Does 6 divide 1907?
False
Is 354 a multiple of 11?
False
Is 219 a factor of 7459?
False
Is 3398 a multiple of 189?
False
Is 22882 a multiple of 30?
False
Does 45 divide 11098?
False
Is 46 a factor of 2007?
False
Is 12 a factor of 23676?
True
Does 23 divide 138?
True
Is 160 a factor of 2344?
False
Is 5 a factor of 19?
False
Does 30 divide 570?
True
Is 71 a factor of 2698?
True
Does 48 divide 3840?
True
Is 2849 a multiple of 110?
False
Is 15 a factor of 1185?
True
Is 31 a multiple of 2?
False
Is 7242 a multiple of 8?
False
Is 1586 a multiple of 13?
True
Is 3827 a multiple of 131?
False
Is 26 a factor of 1430?
True
Is 2 a factor of 1415?
False
Is 4133 a multiple of 6?
False
Is 191 a factor of 9531?
False
Is 46 a factor of 8151?
False
Is 75 a factor of 22800?
True
Does 6 divide 702?
True
Is 18 a factor of 1372?
False
Is 92 a factor of 671?
False
Does 13 divide 6684?
False
Does 6 divide 570?
True
Does 6 divide 120?
True
Does 9 divide 17234?
False
Is 68 a factor of 249?
False
Is 106 a factor of 11024?
True
Is 29704 a multiple of 188?
True
Is 428 a multiple of 4?
True
Is 48 a factor of 588?
False
Is 253 a multiple of 79?
False
Does 13 divide 4924?
False
Is 23100 a multiple of 3?
True
Does 22 divide 30166?
False
Is 17562 a multiple of 37?
False
Is 3 a factor of 994?
False
Does 83 divide 1494?
True
Is 6450 a multiple of 43?
True
Is 6453 a multiple of 26?
False
Is 9 a factor of 215?
False
Is 8508 a multiple of 12?
True
Does 7 divide 21602?
True
Is 9 a factor of 4113?
True
Is 48 a factor of 1920?
True
Is 28 a factor of 700?
True
Does 7 divide 5412?
False
Does 13 divide 309?
False
Is 1892 a multiple of 11?
True
Is 11 a factor of 48599?
False
Is 706 a multiple of 47?
False
Is 692 a multiple of 69?
False
Is 6 a factor of 582?
True
Is 870 a multiple of 30?
True
Is 80 a factor of 6960?
True
Is 110 a factor of 63634?
False
Does 19 divide 662?
False
Does 205 divide 12915?
True
Is 84 a factor of 65184?
True
Is 13500 a multiple of 90?
True
Does 3 divide 1351?
False
Does 14 divide 5012?
True
Does 10 divide 650?
True
Does 19 divide 957?
False
Does 19 divide 18620?
True
Is 29 a factor of 14692?
False
Is 123 a factor of 68941?
False
Does 93 divide 18693?
True
Is 66 a factor of 1552?
False
Is 394 a multiple of 8?
False
Is 162 a multiple of 18?
True
Is 40201 a multiple of 230?
False
Does 37 divide 2290?
False
Is 39645 a multiple of 157?
False
Does 17 divide 578?
True
Does 14 divide 392?
True
Does 84 divide 672?
True
Does 17 di